 w(a)?
8
Let f = -8 - -13. Let t(u) = -u**2 + u + 0*u + f - 6*u. What is t(-6)?
-1
Let v(f) = f + 12. Let t be v(-11). Let r = -4 - t. Let k(c) = 2*c + 2. Calculate k(r).
-8
Let w(i) = -2*i - 6. Let f(j) = -j - 1. Let h(l) = 3*f(l) - w(l). Suppose -4*u + 1 + 15 = 0. Give h(u).
-1
Let g(j) = j**3 - 10*j**2 - 12*j + 10. Let l be g(11). Let z(u) = 14*u. Calculate z(l).
-14
Let u(r) be the third derivative of 3*r**5/20 - r**4/12 + r**3/2 + 9*r**2. Let f(h) = -3*h**2 + h - 1. Let w(v) = 7*f(v) + 2*u(v). Calculate w(2).
-7
Suppose -9*g + 40 = 13. Let a(n) = n**3 - 6*n**2 + 3*n + 3. What is a(g)?
-15
Let a(r) = r + 2. Let w(l) = l + 1. Let o(g) = 4*a(g) - 3*w(g). Suppose 30 = -5*f - 0*f. Give o(f).
-1
Let w(m) = -m**3 + 15*m**2 - 6*m + 6. Let s(l) = -l**3 + 14*l**2 - 6*l + 5. Let p(o) = -7*s(o) + 6*w(o). What is p(7)?
-6
Let u(z) = 0 - 9*z - 6*z - 9 + 13*z. Calculate u(-7).
5
Let u(h) = -7*h - 3. Let b = -5 + 7. Suppose -4*o - x - 1 - 2 = 0, -5*o = b*x. Give u(o).
11
Let f(c) be the third derivative of -7*c**6/120 - c**5/60 + 5*c**2. What is f(-1)?
6
Let s = 6 - 4. Let p(a) = -2 - 3 - 1 - 2*a + s. What is p(-5)?
6
Let p be 3/24 - (-5)/(-40). Let n(k) = k**2 + 1. Give n(p).
1
Suppose 2*m - 12 = -2. Let t(l) = -16*l**3 + 25*l**2 - 5*l + 30. Let o(x) = 3*x**3 - 5*x**2 + x - 6. Let r(q) = 11*o(q) + 2*t(q). Calculate r(m).
-1
Let t(v) be the first derivative of v**4/24 + v**3/6 + 3*v**2/2 - 3. Let y(a) be the second derivative of t(a). Give y(2).
3
Let b(u) = -u**2 - 4*u - 2. Let h be b(-4). Let l = h + 4. Suppose -l*r = 3*r. Let w(v) = -v**3 - v**2 - v + 2. Determine w(r).
2
Let i(b) = -3 + 5*b - 3*b + 0*b. Let l = -14 + 19. Give i(l).
7
Let c(q) = -2*q**2 + 4*q - 3. Suppose 0 = -4*d + 14 - 6. Give c(d).
-3
Suppose 4*d = -3*a + 1, 9 = 2*a + 3*a + 3*d. Let x(t) = t - 5. Calculate x(a).
-2
Let h(l) = -4*l**2 + 4 - l - 3 + 3*l**2. Give h(2).
-5
Let x(s) be the third derivative of s**5/60 - s**4/6 - s**3/6 - 6*s**2. Calculate x(5).
4
Let w(d) = 3*d + 1. Suppose r + r + 4 = 0. Give w(r).
-5
Let q(l) = 20*l**3 - 12*l**2 + 26*l. Let y(r) = -7*r**3 + 4*r**2 - 9*r. Let a(h) = -6*q(h) - 17*y(h). Give a(4).
-12
Let j(q) = 3 - 2 - q + q**3 + 3*q. Determine j(-2).
-11
Let h(y) = y**2 - 3*y - 3. Let g be h(4). Let a be 3*(2 + -3)*g. Let l(j) be the third derivative of j**4/12 - 4*j**2. Give l(a).
-6
Suppose -3*h = -10 + 7. Let u(a) = -5*a. Calculate u(h).
-5
Let m(k) = 3*k + 5. Let n be (-1)/(-3 - 57/(-18)). Determine m(n).
-13
Let n(j) = 3*j**2 - 10*j + 6. Let q(z) = -7*z**2 + 21*z - 12. Let s(d) = -9*n(d) - 4*q(d). Determine s(-6).
-6
Let p(t) be the third derivative of t**5/60 + t**4/6 - t**3/6 + 14*t**2. Give p(-5).
4
Let l(s) be the third derivative of -s**9/60480 - s**7/2520 + s**6/720 - s**5/30 - 2*s**2. Let p(t) be the third derivative of l(t). What is p(1)?
-2
Let m(b) = -5*b - 2 - 3*b + b + 2*b + b**2. Suppose y - h - 7 = 0, -5*y - 4*h + 4 = -13. Let x be (3 + -2)*y - 1. Give m(x).
-6
Let s = 29 + -5. Let x = -17 + s. Let o(k) = -5*k + 5*k - x + k. Calculate o(4).
-3
Let r(a) = a**2 - 2*a. Suppose 14*g + 16 + 12 = 0. Determine r(g).
8
Suppose -2*z + 0 - 4 = 0. Let s = -4 - -3. Let j(w) = w**2 - 2. Let b(i) = i + 1. Let a(q) = s*j(q) - 5*b(q). What is a(z)?
3
Let u(w) = w**2 - 5*w**2 + 3*w**2. Calculate u(-2).
-4
Let y be (2/1)/(8 - 6). Suppose 0 = 5*l + 2*h - 29, -5*h - y = -0*l + 2*l. Suppose l*q - 20 = 2*q. Let i(k) = k**3 - 5*k**2 + 4*k + 5. Give i(q).
5
Let h(q) = q - 1. Let y(t) = 2*t - 8*t + 5 + 2*t + t. Let j(n) = -4*h(n) - y(n). Determine j(4).
-5
Let i(x) be the first derivative of x**2 + 8*x - 27. Give i(-8).
-8
Let s(f) = f**3 - 5*f**2 - f + 6. Let a(r) = 9*r. Let z be a(1). Suppose -t = -z + 4. What is s(t)?
1
Let p(r) = -r**3. Let x(y) = -4*y**3 + 6*y**2 - 5*y. Let u(q) = -5*p(q) + x(q). What is u(-7)?
-14
Let s(l) = l**2 + 5*l - 1. Let v(o) = 5*o**2 + 1. Let k be v(-1). Suppose -2*h - 20 = 3*n - k*n, -3*n = 3*h. Calculate s(h).
-5
Let q(c) = -c**3 + 2*c - 1. Let a(h) = h**3 - h**2 - 2*h + 2. Let d(z) = 2*a(z) + 3*q(z). Determine d(-2).
-3
Let y(k) = k**3 + 3*k**2 + 2. Suppose 0 = -2*l - 2*l. Let i = 10 - l. Suppose 3*u = o - i, 3*u - o - 6 = -4*o. What is y(u)?
6
Let d(g) be the first derivative of g**3/3 + g**2 - 2*g + 1. Let o(x) = -x**3 - x**2. Let n be o(-2). Let p be 2/(2/(n + -2)). What is d(p)?
6
Let d(j) = j - 8. Suppose 0 = -c + 12 - 4. Let q = 12 - c. Calculate d(q).
-4
Suppose 4 = v - 7. Let b = v + -12. Let r(l) = -4*l**3 - l**2 + 7*l + 1. Let u(m) = -m. Let i(j) = r(j) + 6*u(j). Give i(b).
3
Let f(r) = -r**2 - 8*r + 3. Suppose 4*w = -3 - 21. Determine f(w).
15
Let s be (2 - 1) + (0 - 6). Let a(k) = 1 + k**2 - 2*k + 1 + 0*k**2 + 6*k. Give a(s).
7
Let b(o) be the third derivative of o**6/120 + o**5/10 + o**4/6 + o**3/3 + 2*o**2. Let x = -16 + 11. Determine b(x).
7
Suppose 34 = 6*x + 52. Let t(o) = o**3 + 5*o**2 + 3*o - 3. Give t(x).
6
Let r(g) = -5*g + 1. Suppose 5*w + 15 = 0, 3*y - 6*y = -3*w - 3. Calculate r(y).
11
Let k(m) = -2*m**2 - 6 - 5*m**2 + m**3 + 3. Give k(7).
-3
Let q(x) = 3*x**2 - x - 1. Let k = -48 - -51. Give q(k).
23
Let l(w) = w + 3. Let o be (4/6)/(2/(-6)). Let f be 2*o/(-2*1). Suppose r + 4*r = 2*g - 20, 0 = -f*g - 4*r - 16. Give l(g).
3
Let x be (0 - (-5 + -1)) + (-1 - 1). Let v(r) = r**3 - 3*r**2 - 4*r - 5. What is v(x)?
-5
Let p be (-7)/(-1) + (5 - 7). Let i be (-2)/(-6) + 4/6. Suppose i = -p*k + 21. Let m(x) = x**3 - 3*x**2 - 6*x + 5. Determine m(k).
-3
Let x(s) = 6*s - 9. Let f(l) = -5*l + 8. Let y(n) = -7*f(n) - 6*x(n). Let q(t) = 5*t + 1. Let d be q(1). Calculate y(d).
-8
Suppose 4*b + 55 = 5*m - b, 0 = 5*m + 2*b - 41. Let o(k) = -k**2 + 7*k + 13. Determine o(m).
-5
Let w(s) = 5*s + 4. Let z be w(3). Let m = z - 18. Let j(f) = -f**2 + f + 1. Calculate j(m).
1
Let q(d) = -d**2 - 3*d - 2. Let i be (-2)/7*(-14)/4. Suppose 0*z - 4*z + 4 = 0. Suppose -i - z = m. Determine q(m).
0
Suppose -4*c + 1 = -5*x + 4, c - 18 = -5*x. Suppose 15 = -c*h - 0. Let a(p) = p**2 + 5*p + 2. Calculate a(h).
2
Suppose 5*l = 2*j + 10, -2*j + 6*l = 2*l + 10. Let d(a) = -a + 8. Let m be d(5). Let c(g) = -g + 4 + 3*g + g**2 + m*g. Calculate c(j).
4
Let c(z) be the third derivative of z**6/10 + z**5/60 - z**4/24 + z**3/6 - 5*z**2. Calculate c(1).
13
Let t be (10/(-4))/(8/16). Let m(q) = -3*q + 5. Determine m(t).
20
Let i(v) = -3 + v**3 + 4*v**2 - 2*v + 2 + 4. Let w = 7 + -11. What is i(w)?
11
Suppose -12 = -0*m + 2*m. Suppose -4*p + 2*p + 6 = 0. Let g(w) = 1 + 6 + 2*w + p - 2. What is g(m)?
-4
Let k(c) = 1. Let w(s) = -2*s + 3. Let z(b) = -2*k(b) + w(b). What is z(-1)?
3
Let t(b) = 2*b**3 + b**2. Let k(q) = q + 12. Let m be k(-11). Let w be t(m). Let p(a) = a**3 - 4*a**2 + 4*a. What is p(w)?
3
Let h(a) be the second derivative of 2*a + 0 - 1/3*a**3 - a**2. What is h(-2)?
2
Suppose 3*p + p = -12. Let v(n) = -n**3 - n**2 + 2*n - 1. Let t(a) = -a - 2 + 2. Let q(h) = -2*t(h) + v(h). Give q(p).
5
Let p(v) = -v**2 + 3*v + 5. Suppose -f - 8 = -5*f. Let x = -5 - -4. Let m be -10*(x + f/4). Give p(m).
-5
Let o be 0/(0 - -1) + 4. Suppose v - 6 = -2*d - 2, -3*d + 5 = 2*v. Let u(q) = 5*q**2 - 3*q**3 + q**d - o*q**2. What is u(-1)?
3
Let u = 26 + -29. Let o(c) be the third derivative of -5*c**4/24 - c**3/2 - c**2. Give o(u).
12
Let j(u) = u - 5. Suppose -8 = -4*g + 8. Calculate j(g).
-1
Let y(h) = h**3 + 4*h**2 - h - 1. Let b be y(-4). Let x(m) = -2*m**2 + b*m + 3*m**2 + 3 + m - 1. Determine x(-3).
-1
Let u(l) = -5*l - 4. Let m(a) = 9*a + 8. Let k(q) = 6*m(q) + 11*u(q). Suppose 0 = 8*z - 3 - 13. Give k(z).
2
Let x = 6 + -3. Suppose f + f - 2*u = -2, x*f + 2*u = 7. Let m(k) = 4*k + 1. Give m(f).
5
Let n(c) = -c**2 + 4*c + 6. Let j(r) = -r**3 - 14*r**2 - 14*r - 8. Let w be j(-13). Suppose 0 + 30 = w*q. Give n(q).
-6
Let n(r) be the second derivative of -r**4/12 + r**3/3 + r**2/2 - 9*r. Calculate n(5).
-14
Let i(o) be the third derivative of -o**5/60 - 5*o**4/24 + 2*o**3/3 + 10*o**2. Let m = -8 + 3. Determine i(m).
4
Let y(l) = 3*l + 4. Suppose 20 = 4*g + 36. Give y(g).
-8
Let h be (-2)/((-6)/3 - -4). Let s be 1*(-1)/1*-2. Let l = h - s. Let t(v) = v**3 + 3*v**2 - 2*v - 2. Determine t(l).
4
Suppose 4*l = -3*y - 35, -3*l + l - 20 = 4*y. Let s(v) = -v**3 - 7*v**2 + 8*v - 6. Calculate s(l).
-6
Let n(j) be the first derivative of 3*j + 1/3*j**3 - 3 - 1/